, a + m = 815. Suppose 7*b - 9*b + 4*s - 1010 = 0, b = -2*s - 501. Let t = b + a. Is t a prime number?
False
Is 4/44 + (-1111199280)/(-440) a composite number?
True
Let q(g) be the second derivative of 11*g**4/3 - 5*g**3/6 + 2*g**2 + 10*g. Let z be q(2). Let b = 1481 + z. Is b prime?
False
Let u = 26 + -22. Suppose h = x - 1365, x - u*h - 589 = 770. Is x a composite number?
False
Suppose 0 = -3*v - 0 + 6. Suppose 0 = -v*a - 2*a + 236. Is 8/(16/6) + a*4 a prime number?
True
Let y = 68548 - 36449. Is y a composite number?
False
Let r(p) = 39*p**2 + 5*p - 9. Let n be ((-144)/297 + 6/(-33))*-3. Is r(n) prime?
True
Is ((-666566)/(-14))/((-8)/(-56)) composite?
False
Suppose 3*r - 12 = -3*r. Suppose -r*x - 2*s = -3*x - 6, -5*s + 15 = -2*x. Suppose 0*p - 8*p + 4648 = x. Is p a prime number?
False
Let m(x) = -54703*x - 482. Is m(-1) composite?
True
Let r = -3338 + 5061. Is r prime?
True
Let u be (-189)/(-42)*(-2 - 68040). Is ((-1)/(-1))/((-39)/u) prime?
False
Let x(h) = 21056*h**2 - 20*h + 19. Is x(1) a prime number?
False
Let d = 76250 - -98319. Is d a composite number?
False
Is (9/(-10) - -1)/(-1)*-958570 a composite number?
False
Let r = 568 - 581. Let a(x) = -23*x + 4 - 6 - 4. Is a(r) composite?
False
Suppose -84 = -2*s + 4*s. Let w = s - -45. Is w*-1 - 480/(-3) composite?
False
Let s = 904 - 186. Let d = 1269 - s. Suppose -5*w - 1996 = -4*c, -2*c - w + 447 + d = 0. Is c prime?
True
Let a(i) = -i**2 - 10*i - 18. Suppose c + 4*h = -0*c + 1, -5*h = -5*c - 45. Let p be a(c). Suppose -3*g = 3*r - 1626, -p*r + 5*r = g - 539. Is g a prime number?
True
Let j be 14*758/2*(-1 + 0). Is (-1)/((4/j)/((-22)/(-11))) a composite number?
True
Let s(g) = -41986*g + 253. Is s(-1) prime?
True
Let v(q) = 9 - 3*q**3 - 33*q**2 + 7*q + 16*q**2 + 8*q**2 + 13*q**2. Let b be v(-5). Let r = -112 + b. Is r composite?
False
Let c be (56068/3)/(-2) + (-17)/51. Let a = c + 17752. Is a composite?
True
Suppose 3*h - 261843 = 3*r, -29*r + 261851 = 3*h - 34*r. Is h prime?
True
Suppose -5*a = 5*i - 2666940, 592810 = 2*i - 2*a - 473970. Is i a prime number?
True
Suppose -2*z + 61 = 67, 2*z = -4*o + 352822. Is o composite?
True
Let s(b) = 575*b - 172. Let c be s(16). Let z = c + -3291. Is z prime?
True
Suppose 25*g = 11037 + 96038. Is g a prime number?
True
Let s(k) = -k**2 - 13*k + 9. Let n be s(-16). Let m = n + 39. Suppose -2*u - u + 2*p + 130 = 0, m = -5*u + 5*p + 210. Is u a composite number?
True
Let d be (15/(-3))/((-25)/10). Let k(l) = -97*l**3 - 3*l**2 + 2. Let u be k(d). Let o = u + 1253. Is o a prime number?
True
Is ((-1)/2)/(15/(-9137910)) composite?
False
Let p(z) = z**3 - z**2 - 2*z + 16. Let x be p(0). Suppose 7 = -3*c + x. Suppose 4*q - 14831 = c*k, -3*q + 0*k - 2*k + 11119 = 0. Is q prime?
False
Let d(o) = -o**3 - 6*o**2 - 10*o - 3. Let k be d(-4). Let p(r) = r - 1. Let s be p(k). Suppose 3*n - n - 5638 = -s*q, 0 = -3*q + n + 4236. Is q prime?
False
Let h(s) = -2*s**2 - 12*s + 16. Let a be h(-7). Is 2*(-393 - -4)*a/(-4) a composite number?
False
Suppose 345*j - 721965 = 330*j. Is j composite?
False
Let j(r) = -31*r + 6270. Let a be j(0). Let x = -2986 + 1271. Let z = a + x. Is z prime?
False
Let j(q) = q + 3. Suppose -21 = -5*i - 41. Let n be j(i). Is (n - -12)/((-14)/(-266)) a prime number?
False
Let o be (-43)/18*-2 - (-2)/9. Suppose o*a = n - 42, n - 5*a + a = 39. Is 58*(-1 + n/6) a composite number?
True
Let b(q) = 104*q - 4. Let y be b(5). Let d be (2*-3)/(48/24) - -7871. Suppose -y = -o + 2*k + 1451, -4*o + d = -3*k. Is o composite?
True
Let q be ((-1)/(-4))/(6/72). Let k = 66 - 61. Suppose -2*p = k*d - 309, 4*p - 349 = 2*p + q*d. Is p composite?
False
Let c be (-7)/3 + 5/15. Let g be (14091/(-42))/(c/4). Suppose 5*s + 3*v - 430 = 679, v + g = 3*s. Is s composite?
False
Let c = 32830 - 13541. Is c prime?
True
Suppose 5*v - 157 + 147 = 0. Suppose -v*k + 1400 = 5*w, -5*k = -4*k + 2*w - 699. Is k a prime number?
False
Suppose x - 823 = -j + 5*x, 4067 = 5*j + 4*x. Suppose -l - 367 - 117 = 0. Let n = j + l. Is n composite?
False
Suppose 231429 = 339*f - 328*f. Is f prime?
False
Let k = -263 - -958. Suppose -k*n + 693*n = -22146. Is n prime?
False
Is (-4406)/4*(-367 + (-255)/17) prime?
False
Suppose -f + 11*f - 18130 = 0. Let o be 6/(-21) - 24615/(-35). Suppose 5*r - 4*m - o - 1562 = 0, 4*r - f = 3*m. Is r prime?
True
Suppose p + p = 0. Suppose -x - 2*x = -5*u - 73, -3*u + 3 = p. Suppose 5 = -j + x. Is j prime?
False
Let z = 44890 - 26775. Is z a composite number?
True
Let t = 4508 + -10417. Let g = t - -12358. Is g a prime number?
True
Suppose 8*n - 17 - 15 = 0. Is (-183781)/(-117) + n/18 prime?
True
Let o = 4251 + 896. Is o a composite number?
False
Suppose 0 = 3*o, -2*r = -6*r - 4*o + 240404. Is r a prime number?
True
Suppose 0 = -3*r - 9, -4*p + 26 = -2*r - 28. Is (4 - 52/p)*(0 + -2859) composite?
False
Let v(a) = -25696*a + 92 - 27 + 36. Is v(-3) composite?
True
Let j(k) be the third derivative of 38/3*k**4 - 17*k**2 + 0*k + 0 - 5/6*k**3. Is j(3) a prime number?
True
Let s(o) = 32*o - 8. Let y be s(-4). Suppose -67 - 339 = -2*t. Let n = y + t. Is n a composite number?
False
Is (165/(-6))/((-295)/3215854) a prime number?
False
Suppose -5*v + 2 = i - 115, -3*i + 317 = -2*v. Suppose i*b - 6995 = 102*b. Is b a prime number?
True
Let u(y) = -94748*y + 4693. Is u(-6) a prime number?
False
Let m(b) = -5*b - 1. Let u be m(-1). Let f(i) = 267*i - 39 + 65 - 33 + 179*i. Is f(u) composite?
False
Let a(v) = -v**2 - 24*v - 90. Let g be a(-5). Is (5 - (-4480 + g)) + -1 a composite number?
True
Suppose 15*h + 3*h - 108 = 0. Suppose 0 = h*r - 20*r + 133378. Is r a prime number?
False
Suppose 463*v = 259*v + 224689476. Is v a prime number?
False
Let t(y) = -y**2 + 7*y + 12. Let j be t(6). Suppose 18877 + 59441 = j*c. Is c a composite number?
True
Suppose -v + 3*l + 4 = 0, 4*v - 15 - 1 = 3*l. Is (14064/36)/(v/6) a composite number?
True
Let p(r) = -10 - r**2 + 3123*r**3 + 14*r + 17*r + 9*r - 30*r + 29*r**3. Is p(1) a prime number?
False
Let r = 15290 - 9187. Let p = r - 3276. Is p composite?
True
Let d(w) be the third derivative of 3*w**5/20 - 5*w**4/24 + w**3/2 - w**2. Suppose -38 = -2*c + 4*t - 20, 2*t = -3*c + 11. Is d(c) composite?
True
Is 170176 - ((16/(-12))/((-9)/54) + -6) a prime number?
False
Let x(i) be the second derivative of -i**3/2 + 75*i**2/2 + 21*i. Let h be x(24). Suppose -2*o = -5*f + 13799, f = h*o + o + 2749. Is f a composite number?
True
Is -11 - 6*223426/(-42) prime?
True
Let d = 134443 + -53528. Is d composite?
True
Suppose 3*k + 4*s = 1245857, 102*s - 2076370 = -5*k + 107*s. Is k a prime number?
False
Suppose 268410 = 3*j + 5*b + 79222, 5*j = b + 315360. Is j a composite number?
True
Let g(c) = -2*c**3 + 7*c + 4. Let l = -18 - -25. Let p(w) = -5*w + 28. Let z be p(l). Is g(z) a composite number?
False
Let j(p) be the first derivative of 180*p**3 - 32*p + 56*p - 23*p + 21. Is j(-1) a composite number?
False
Suppose -9*v + 13*v = 0. Suppose -3*g - 120 = -4*y + 2*g, v = 3*y + 3*g - 90. Is 11168/6 + (-10)/y a prime number?
True
Suppose 1632837 = 9*h + 3*p, -h - p - 82462 = -263883. Is h a composite number?
True
Suppose 100004 + 328780 = 16*t. Is t composite?
True
Suppose -25*g + 16533593 = -16118944 + 13309262. Is g composite?
True
Suppose 4*j = -4*p - 1964, 3*p = -j - 469 - 22. Let g = -372 - j. Is g composite?
True
Let p(j) = -5*j**2 + 32*j + 73. Let i(x) = -6*x**2 + 33*x + 74. Let k(l) = 4*i(l) - 5*p(l). Let o be k(32). Suppose 58*r + 6065 = o*r. Is r a prime number?
False
Let q be 294/70 - 2/10. Suppose 0 = -a - q*y + 2, -a - 2 = -y + 11. Let k(x) = 10*x**2 + 25*x + 11. Is k(a) prime?
True
Let p = 36 + -30. Let y(i) = -2*i**2 + 10*i + 7. Let v be y(p). Is (-6 - v)/(2/(-934)) composite?
False
Suppose 10*s - 96 = 14*s. Let c = -18 - s. Let j(x) = 4*x**3 - 6*x**2 + x - 7. Is j(c) composite?
False
Let f(z) = -9336*z**3 + 9*z**2 + 3*z - 17. Is f(-5) composite?
False
Let z(t) = -t**3 + t**2 + 3*t + 3. Let s be 1/(-3) + 20/6. Let d be z(s). Is (d/(-10))/(13/13715) a composite number?
True
Let s = -181 + 2186. Is s a prime number?
False
Let p = 14807 + -6698. Is (p/(-6) - 0)*24/(-36) a composite number?
True
Let k be (294/(-56))/(3/(-256)). Is (0 - -11406) + k/(-64) a prime number?
True
Let c = 549578 - 264625. Is c a prime number?
False
Let s = -332 - -346. Sup